ed by 12?
11
Calculate the remainder when 625 is divided by 90.
85
What is the remainder when 9591 is divided by 4790?
11
What is the remainder when 9028 is divided by 61?
0
What is the remainder when 122128 is divided by 13?
6
Calculate the remainder when 47865 is divided by 3417.
27
What is the remainder when 5462 is divided by 1320?
182
Calculate the remainder when 1394 is divided by 483.
428
What is the remainder when 8209874 is divided by 229?
224
Calculate the remainder when 630515 is divided by 1114.
1105
Calculate the remainder when 69158 is divided by 728.
726
Calculate the remainder when 68261 is divided by 184.
181
What is the remainder when 24463 is divided by 44?
43
Calculate the remainder when 3474 is divided by 567.
72
What is the remainder when 1733 is divided by 226?
151
Calculate the remainder when 5536 is divided by 89.
18
Calculate the remainder when 9599 is divided by 244.
83
What is the remainder when 1295 is divided by 95?
60
Calculate the remainder when 2573 is divided by 541.
409
What is the remainder when 921 is divided by 805?
116
Calculate the remainder when 18267 is divided by 112.
11
Calculate the remainder when 101990 is divided by 152.
150
Calculate the remainder when 154989 is divided by 117.
81
Calculate the remainder when 56557 is divided by 40.
37
What is the remainder when 17057 is divided by 4264?
1
What is the remainder when 35830 is divided by 289?
283
Calculate the remainder when 6461 is divided by 1606.
37
What is the remainder when 1456122 is divided by 768?
762
What is the remainder when 16099 is divided by 244?
239
Calculate the remainder when 42524 is divided by 196.
188
Calculate the remainder when 538070 is divided by 20.
10
Calculate the remainder when 7444 is divided by 7423.
21
Calculate the remainder when 3547 is divided by 848.
155
What is the remainder when 21971 is divided by 229?
216
What is the remainder when 98270 is divided by 316?
310
Calculate the remainder when 3636 is divided by 48.
36
Calculate the remainder when 5918 is divided by 1952.
62
Calculate the remainder when 1591284 is divided by 29.
25
Calculate the remainder when 3426 is divided by 22.
16
Calculate the remainder when 7107 is divided by 3552.
3
What is the remainder when 306848 is divided by 323?
321
What is the remainder when 10697 is divided by 92?
25
Calculate the remainder when 10676 is divided by 148.
20
What is the remainder when 7622 is divided by 1712?
774
What is the remainder when 1967135 is divided by 9?
5
What is the remainder when 53779 is divided by 160?
19
Calculate the remainder when 815 is divided by 81.
5
What is the remainder when 49437 is divided by 23?
10
Calculate the remainder when 20037 is divided by 20.
17
Calculate the remainder when 163830 is divided by 1280.
1270
Calculate the remainder when 124617 is divided by 183.
177
Calculate the remainder when 14308 is divided by 706.
188
What is the remainder when 9635 is divided by 9617?
18
Calculate the remainder when 459157 is divided by 260.
257
What is the remainder when 43662 is divided by 14400?
462
Calculate the remainder when 216327 is divided by 36049.
33
Calculate the remainder when 5113 is divided by 88.
9
Calculate the remainder when 8413 is divided by 121.
64
What is the remainder when 58700 is divided by 206?
196
What is the remainder when 12158 is divided by 324?
170
What is the remainder when 186280 is divided by 7?
3
What is the remainder when 993902 is divided by 935?
932
What is the remainder when 628173 is divided by 276?
273
What is the remainder when 34250 is divided by 19?
12
What is the remainder when 411381 is divided by 103?
102
What is the remainder when 2283822 is divided by 7?
2
What is the remainder when 827636 is divided by 440?
436
Calculate the remainder when 29972 is divided by 16.
4
Calculate the remainder when 237270 is divided by 25.
20
Calculate the remainder when 3051 is divided by 1269.
513
What is the remainder when 42365 is divided by 42363?
2
Calculate the remainder when 129356 is divided by 5624.
4
What is the remainder when 12386 is divided by 2053?
68
Calculate the remainder when 7433300 is divided by 17.
16
What is the remainder when 65859 is divided by 13162?
49
What is the remainder when 144069 is divided by 4115?
44
Calculate the remainder when 12112 is divided by 320.
272
What is the remainder when 233609 is divided by 23?
21
What is the remainder when 11241 is divided by 5074?
1093
Calculate the remainder when 28908 is divided by 28.
12
What is the remainder when 1098 is divided by 134?
26
What is the remainder when 26555 is divided by 3319?
3
Calculate the remainder when 6892 is divided by 1439.
1136
Calculate the remainder when 23528 is divided by 318.
314
What is the remainder when 13410 is divided by 6678?
54
What is the remainder when 57751 is divided by 19?
10
Calculate the remainder when 47707 is divided by 26.
23
What is the remainder when 97723 is divided by 97712?
11
What is the remainder when 24337 is divided by 24321?
16
Calculate the remainder when 130913 is divided by 46.
43
What is the remainder when 1590 is divided by 121?
17
Calculate the remainder when 4297 is divided by 581.
230
What is the remainder when 3616 is divided by 224?
32
Calculate the remainder when 79731 is divided by 274.
271
What is the remainder when 921 is divided by 237?
210
What is the remainder when 644918 is divided by 5?
3
What is the remainder when 7365 is divided by 777?
372
Calculate the remainder when 8366 is divided by 2784.
14
What is the remainder when 651 is divided by 3?
0
Calculate the remainder when 146002 is divided by 69.
67
What is the remainder when 73972 is divided by 1642?
82
Calculate the remainder when 61717 is divided by 50.
17
Calculate the remainder when 290112 is divided by 307.
304
What is the remainder when 41340 is divided by 21?
12
What is the remainder when 15623 is divided by 3904?
7
What is the remainder when 7633989 is divided by 716?
713
What is the remainder when 2212 is divided by 723?
43
Calculate the remainder when 2431 is divided by 344.
23
Calculate the remainder when 29683 is divided by 1.
0
What is the remainder when 25265 is divided by 12587?
91
Calculate the remainder when 2101 is divided by 384.
181
Calculate the remainder when 2118 is divided by 561.
435
What is the remainder when 21082 is divided by 2108?
2
What is the remainder when 146707 is divided by 673?
666
Calculate the remainder when 358 is divided by 333.
25
Calculate the remainder when 1076472 is divided by 14.
12
Calculate the remainder when 14911 is divided by 132.
127
Calculate the remainder when 14430 is divided by 314.
300
Calculate the remainder when 5440 is divided by 14.
8
What is the remainder when 6867 is divided by 1447?
1079
What is the remainder when 290757 is divided by 161?
152
Calculate the remainder when 14647 is divided by 19.
17
What is the remainder when 1365795 is divided by 651?
648
What is the remainder when 8730 is divided by 1451?
24
What is the remainder when 98 is divided by 18?
8
Calculate the remainder when 26328 is divided by 99.
93
Calculate the remainder when 3906498 is divided by 183.
180
Calculate the remainder when 11551 is divided by 3850.
1
Calculate the remainder when 796 is divided by 686.
110
Calculate the remainder when 232839 is divided by 215.
209
Calculate the remainder when 33969 is divided by 149.
146
What is the remainder when 16408 is divided by 54?
46
What is the remainder when 6551 is divided by 945?
881
What is the remainder when 332791 is divided by 103?
101
Calculate the remainder when 686 is divided by 82.
30
What is the remainder when 49822 is divided by 493?
29
Calculate the remainder when 9055 is divided by 471.
106
Calculate the remainder when 9278 is divided by 1128.
254
Calculate the remainder when 427 is divided by 306.
121
What is the remainder when 22770 is divided by 2529?
9
What is the remainder when 65677 is divided by 21878?
43
Calculate the remainder when 4361 is divided by 384.
137
What is the remainder when 63605 is divided by 23?
10
Calculate the remainder when 9249 is divided by 542.
35
Calculate the remainder when 13250 is divided by 153.
92
What is the remainder when 10150 is divided by 263?
156
What is the remainder when 9943 i